556 is divided by 391.
385
What is the remainder when 1723 is divided by 334?
53
Calculate the remainder when 6143277 is divided by 179.
176
Calculate the remainder when 888 is divided by 15.
3
What is the remainder when 3061 is divided by 143?
58
Calculate the remainder when 1178735 is divided by 39.
38
What is the remainder when 49898 is divided by 49874?
24
What is the remainder when 186557 is divided by 44?
41
What is the remainder when 27055 is divided by 326?
323
Calculate the remainder when 209321 is divided by 172.
169
Calculate the remainder when 19491 is divided by 3598.
1501
Calculate the remainder when 15934 is divided by 724.
6
What is the remainder when 498199 is divided by 722?
19
What is the remainder when 2023 is divided by 484?
87
What is the remainder when 22384 is divided by 11187?
10
Calculate the remainder when 8577 is divided by 104.
49
What is the remainder when 7823 is divided by 435?
428
Calculate the remainder when 28656 is divided by 195.
186
Calculate the remainder when 38458 is divided by 632.
538
What is the remainder when 1209371 is divided by 129?
125
Calculate the remainder when 10331 is divided by 5045.
241
What is the remainder when 11562 is divided by 45?
42
What is the remainder when 87703 is divided by 3654?
7
What is the remainder when 3214 is divided by 3137?
77
What is the remainder when 191566 is divided by 1419?
1
What is the remainder when 62787 is divided by 349?
316
What is the remainder when 2172 is divided by 650?
222
What is the remainder when 32368 is divided by 32354?
14
What is the remainder when 981473 is divided by 327154?
11
What is the remainder when 28377 is divided by 66?
63
Calculate the remainder when 7859 is divided by 281.
272
Calculate the remainder when 25763 is divided by 68.
59
What is the remainder when 1072620 is divided by 33?
21
Calculate the remainder when 3771 is divided by 902.
163
What is the remainder when 9471 is divided by 296?
295
Calculate the remainder when 68547 is divided by 482.
103
What is the remainder when 36874 is divided by 73?
9
What is the remainder when 34215 is divided by 32?
7
Calculate the remainder when 6509 is divided by 126.
83
What is the remainder when 70702 is divided by 23557?
31
Calculate the remainder when 68600 is divided by 99.
92
Calculate the remainder when 43217 is divided by 8610.
167
Calculate the remainder when 17511 is divided by 2476.
179
Calculate the remainder when 35829 is divided by 46.
41
Calculate the remainder when 2820 is divided by 921.
57
What is the remainder when 3847 is divided by 133?
123
What is the remainder when 34279 is divided by 5709?
25
What is the remainder when 34894 is divided by 513?
10
Calculate the remainder when 30952 is divided by 514.
112
Calculate the remainder when 43002 is divided by 6122.
148
What is the remainder when 31893 is divided by 638?
631
What is the remainder when 11462 is divided by 26?
22
What is the remainder when 531524 is divided by 1119?
1118
Calculate the remainder when 1391185 is divided by 1943.
1940
Calculate the remainder when 276283 is divided by 273.
7
Calculate the remainder when 4288 is divided by 37.
33
Calculate the remainder when 4796 is divided by 1530.
206
Calculate the remainder when 385390 is divided by 29645.
5
What is the remainder when 4977 is divided by 171?
18
Calculate the remainder when 16085 is divided by 37.
27
Calculate the remainder when 11156 is divided by 177.
5
Calculate the remainder when 3402 is divided by 33.
3
What is the remainder when 6751 is divided by 337?
11
Calculate the remainder when 1898 is divided by 574.
176
Calculate the remainder when 27321 is divided by 157.
3
What is the remainder when 2407 is divided by 324?
139
Calculate the remainder when 4376 is divided by 256.
24
What is the remainder when 13969 is divided by 127?
126
Calculate the remainder when 5678 is divided by 355.
353
Calculate the remainder when 31967 is divided by 111.
110
Calculate the remainder when 59831 is divided by 24.
23
Calculate the remainder when 1630 is divided by 347.
242
Calculate the remainder when 719993 is divided by 30.
23
Calculate the remainder when 4750 is divided by 365.
5
Calculate the remainder when 13715 is divided by 3379.
199
Calculate the remainder when 11032 is divided by 39.
34
What is the remainder when 26853 is divided by 36?
33
What is the remainder when 4522 is divided by 270?
202
What is the remainder when 1125 is divided by 714?
411
Calculate the remainder when 47534 is divided by 1286.
1238
Calculate the remainder when 13774 is divided by 1688.
270
What is the remainder when 2791 is divided by 205?
126
What is the remainder when 735 is divided by 721?
14
Calculate the remainder when 4383 is divided by 856.
103
Calculate the remainder when 1431398 is divided by 85.
83
Calculate the remainder when 277269 is divided by 119.
118
What is the remainder when 131626 is divided by 282?
214
Calculate the remainder when 153 is divided by 43.
24
What is the remainder when 78505 is divided by 1826?
1813
Calculate the remainder when 87598 is divided by 7.
0
Calculate the remainder when 30409 is divided by 923.
873
Calculate the remainder when 3129242 is divided by 203.
200
What is the remainder when 5937 is divided by 66?
63
Calculate the remainder when 368037 is divided by 247.
7
Calculate the remainder when 321058 is divided by 107000.
58
What is the remainder when 1236 is divided by 173?
25
What is the remainder when 522022 is divided by 174004?
10
Calculate the remainder when 2574 is divided by 264.
198
What is the remainder when 27012 is divided by 3858?
6
What is the remainder when 4445 is divided by 186?
167
What is the remainder when 471842 is divided by 11?
8
What is the remainder when 63514 is divided by 186?
88
Calculate the remainder when 129747 is divided by 212.
3
What is the remainder when 12012 is divided by 2379?
117
Calculate the remainder when 15635 is divided by 105.
95
What is the remainder when 97211 is divided by 8097?
47
Calculate the remainder when 4759 is divided by 115.
44
What is the remainder when 498 is divided by 152?
42
What is the remainder when 7419 is divided by 2416?
171
What is the remainder when 205176 is divided by 1186?
1184
What is the remainder when 28205 is divided by 936?
125
Calculate the remainder when 19442 is divided by 572.
566
Calculate the remainder when 355499 is divided by 711.
710
What is the remainder when 17568 is divided by 150?
18
Calculate the remainder when 31591 is divided by 5264.
7
Calculate the remainder when 6271 is divided by 782.
15
What is the remainder when 24981 is divided by 212?
177
What is the remainder when 3290 is divided by 303?
260
What is the remainder when 3237708 is divided by 1079233?
9
Calculate the remainder when 15858 is divided by 65.
63
Calculate the remainder when 195196 is divided by 40.
36
Calculate the remainder when 11089 is divided by 89.
53
Calculate the remainder when 374526 is divided by 65.
61
Calculate the remainder when 243544 is divided by 10.
4
Calculate the remainder when 192438 is divided by 84.
78
Calculate the remainder when 5042878 is divided by 1236.
1234
Calculate the remainder when 58678 is divided by 120.
118
What is the remainder when 1356 is divided by 1349?
7
What is the remainder when 32089 is divided by 8018?
17
Calculate the remainder when 1405 is divided by 989.
416
What is the remainder when 462947 is divided by 50?
47
What is the remainder when 28219 is divided by 67?
12
Calculate the remainder when 1460 is divided by 91.
4
Calculate the remainder when 2527353 is divided by 842449.
6
What is the remainder when 11991 is divided by 11835?
156
Calculate the remainder when 13103 is divided by 512.
303
Calculate the remainder when 11268 is divided by 59.
58
Calculate the remainder when 12585 is divided by 131.
9
What is the remainder when 30873 is divided by 36?
21
Calculate the remainder when 147229 is divided by 73612.
5
What is the remainder when 86818 is divided by 43409?
0
What is the remainder when 1450938 is divided by 31?
14
What is the remainder when 15866 is divided by 349?
161
Calculate the remainder when 17181 is divided by 953.
27
Calculate the remainder when 136922 is divided by 461.
5
What is the remainder when 3339 is 